lculate the remainder when 36 is divided by o.
4
Let y = -5 + 3. What is the remainder when 27 - (y/(-1))/(-1) is divided by -12*1*(12/9 + -2)?
5
Let c be (-30)/12*(-12)/10. Let y(p) = -2 + 12*p**2 + 0 + 3 + 4*p. Calculate the remainder when y(c) is divided by 31.
28
Suppose -35*d = -25*d - 240. What is the remainder when 106 is divided by d?
10
Let c(z) = 5*z**2 + 2*z + 3. Suppose -99*m + 3059 + 3136 = 78*m. Calculate the remainder when c(5) is divided by m.
33
Suppose 0 = 5*d + 3*c - 29, -3*d + 0*d + 13 = 4*c. Suppose 6*n - d*n = -23. What is the remainder when n is divided by 12?
11
Suppose -2*b + 71 = 3. Suppose 0 = t + t - b. Let g(k) = k**3 - k**2 - 2*k + 6. What is the remainder when g(4) is divided by t?
12
Let a(j) = -11*j - 211. Let d = -57 - 8. Let p = -43 - d. What is the remainder when a(-25) is divided by p?
20
Suppose -x + 12 = -s - 37, -2*s = 0. Calculate the remainder when x is divided by ((-1081)/(-69) - (-4)/(-6)) + -2.
10
Suppose 0*u - 31 = -u. Suppose 5*s = -20, 472 = 3*o + o + 5*s. Calculate the remainder when o is divided by u.
30
What is the remainder when 18 is divided by (-1972)/(-87)*(0 + (-6)/(-8))?
1
Let x = 30 + -57. Let a = -15 - x. Calculate the remainder when 22 is divided by a.
10
Let b = -65 - -89. What is the remainder when 190 is divided by b?
22
Let k(h) = -7*h - 3. Let a(l) = -621*l + 4350. What is the remainder when k(-2) is divided by a(7)?
2
Suppose 110*k = 107*k + 759. What is the remainder when k is divided by 51?
49
Let i(h) = 6*h**2 - 8*h + 3. Let b(x) = -7*x - 37. What is the remainder when i(5) is divided by b(-8)?
18
Let m be (0 - 1) + 0 + 78. Let p = m + -6. Calculate the remainder when p is divided by (1 + 13/5)*(-25 - -30).
17
Let d be (-6)/(-3)*(-15)/10. Suppose -3*a + 3*z + 186 = 0, -2*a + 4*z - 5*z + 139 = 0. Calculate the remainder when a is divided by (-27 - -10)*(2 + d).
16
Let g(f) = -10*f - f - f**2 + 13 + 0*f**2. Calculate the remainder when g(-11) is divided by 60/9 + (-3)/(-9).
6
Let c = 127 + -109. Suppose 26 = 4*b - 2*j - 96, -b + 3*j = -18. Calculate the remainder when b is divided by c.
15
Calculate the remainder when 48 is divided by ((-18)/(144/94))/((-2)/8).
1
Let w = -71 - -50. Let m = 0 - w. Let f = 111 - 72. What is the remainder when f is divided by m?
18
Suppose -426 + 36 = 5*y. Let m = y + 161. Calculate the remainder when m is divided by (210/25)/(-2*(-1)/5).
20
Suppose 0 = 16*j + 14*j - 120. Calculate the remainder when 12 is divided by j.
0
Suppose -16*l + 538 + 1158 = 0. Calculate the remainder when 207 is divided by l.
101
Suppose -5*c - 139 = -3*h, 3*h = 5*c - 2*h + 145. Let u = c + 60. Let a(y) = -y**2 + 17*y + 50. Calculate the remainder when u is divided by a(19).
10
Suppose 3*q = -0*u - 3*u + 360, -5*u - 4*q = -596. What is the remainder when u is divided by 39?
38
Let v(l) = 7*l**3 - l**2 - 5*l + 6. What is the remainder when v(2) is divided by 20?
8
Calculate the remainder when 369 is divided by (-52288)/(-836) - (-6)/(-11).
59
Suppose 0 = 15*h + 6*h - 84. Calculate the remainder when 36 is divided by h.
0
Let a be (-410)/(-20) + (-3)/2. Suppose 380 = -a*t + 23*t. What is the remainder when t is divided by 32?
31
Suppose 0 = 4*d - 12, 0*d = 4*u + 5*d - 143. Let f(o) = -o**2 - 115*o - 591. Calculate the remainder when f(-109) is divided by u.
31
Let g = -64 + 74. What is the remainder when 33 is divided by g?
3
Let u(v) = v**2 + v + 2. Let g be u(-2). Let i(o) be the third derivative of o**4/2 - o**3/3 + 21*o**2. Calculate the remainder when i(g) is divided by 12.
10
Let m = 24 + -16. Let k(h) = -2*h**3 - 51*h**2 + 25*h - 15. What is the remainder when k(-26) is divided by m?
3
Let w(p) = -p**3 + 6*p**2 - 3*p - 12. Let r be w(5). What is the remainder when 8 is divided by 4 + 4/(-2)*r/4?
3
Let q(i) = -120*i + 383. What is the remainder when 145 is divided by q(3)?
7
Let n = -848 + 888. Calculate the remainder when 517 is divided by n.
37
Suppose 2*w - 3*r = 201, -33 = -5*w + 5*r + 457. What is the remainder when 131 is divided by w?
38
Let d = 416 + -300. Calculate the remainder when d is divided by 24.
20
Suppose -5*j = -4*j + 3. Let w be 189/15*(-10)/j. Suppose 7*c = 42 + w. Calculate the remainder when 33 is divided by c.
9
Let w(u) = 8*u - 5. Suppose 2*p = -3*j, 5*j - 3*p - 8 - 11 = 0. Suppose -4*o + 74 = -10. Calculate the remainder when o is divided by w(j).
10
Let m(i) = -8*i - 1. Let l = 494 + -453. Calculate the remainder when l is divided by m(-1).
6
Suppose 3*h + 8 = 56. Suppose 453 = 5*j + 4*u, -7*j + 360 = -3*j + 4*u. Calculate the remainder when j is divided by h.
13
Suppose -2*o = 4, 4*o = 3*f - 55 - 202. Suppose z - 1 - f = 0. Let p = z + -39. Calculate the remainder when p is divided by 23.
22
Let c = 15 - 9. Let b = 28 + -30. What is the remainder when c is divided by 12/9*(-2 - 7/b)?
0
Suppose x - 4*x + l + 47 = 0, 3*x + 5*l - 35 = 0. Calculate the remainder when x is divided by 10.
5
Let g(w) = 3*w + 25. Let l be g(-8). Calculate the remainder when 35 is divided by (-3 - 5*-4) + l.
17
Suppose 13 = 4*i + 4*o - 111, 25 = -5*o. Calculate the remainder when i is divided by 20.
16
Suppose 2*z = -z, 2*z - 164 = -2*t. What is the remainder when t is divided by 28?
26
Suppose 4*q + 171 = m - 22, 2*m + 4*q - 422 = 0. What is the remainder when m is divided by 53?
46
Let u(p) = 5*p + 8 - 7 - 13 - 3*p. Calculate the remainder when 75 is divided by u(19).
23
Let b be (4/(-3) + 0)/((-16)/528). Suppose b*z = 49*z - 85. What is the remainder when 66 is divided by z?
15
Suppose -3*g + 7*g + 12 = 4*k, 0 = -2*g - 4*k. What is the remainder when ((-774)/12)/(g/4) is divided by 33?
30
Suppose 152 = 6*s - 28. Calculate the remainder when 267 is divided by s.
27
Let j(y) = 4*y**2 - 351*y - 430. Let v(q) = q**2 + 6*q + 6. What is the remainder when j(89) is divided by v(-6)?
3
Let x = 82 + -46. Let r be (52/(-16))/((-1)/x). Suppose 2*j - r = -q, j + 2*q - 62 = -2*q. Calculate the remainder when j is divided by 15.
13
Let j(l) = 6*l**2 + 14*l + 18. What is the remainder when 76 is divided by j(-2)?
6
Suppose 2*p - 6*p - 5*y = -36, 0 = 5*y. Let o(j) = j - 7. Let b be o(9). Suppose 6*q - b*q - 68 = 0. Calculate the remainder when q is divided by p.
8
Suppose 5*l = 2*l + 12. Suppose 4*b + b - 202 = -3*k, -2*b + l*k + 60 = 0. Suppose 19 = h - b. What is the remainder when h is divided by 15?
12
Calculate the remainder when 2/(-7) - (-1)/((-49)/(-1386)) is divided by 6.
4
Suppose -15 = -3*h - 2*h - 5*a, -3*a = 9. Calculate the remainder when h is divided by 2.
0
Calculate the remainder when -39*-7*(-11)/(-77) is divided by 13.
0
Suppose -3*b - 259 = -877. What is the remainder when b is divided by 26?
24
Suppose 32*x - 106 = 30*x. Let z = -43 + x. Calculate the remainder when 2*19 + (-2)/(-2) is divided by z.
9
Let u(m) = -m**2 + 15*m + 68. Let s = 118 - 63. Calculate the remainder when s is divided by u(18).
13
Let z be (1 - 2 - 0) + 135 + -10. Let q = z + -50. What is the remainder when q is divided by 19?
17
Let m(j) = j**2 - 4*j - 8. Let s be m(6). Let b = s - 8. Let o = b - -10. Calculate the remainder when 21 is divided by o.
3
Suppose -20*l + 268 = -16*l. What is the remainder when 400 is divided by l?
65
Let j(m) = -m**3 + 6*m**2 + 9*m - 7. Suppose 320 + 48 = 4*h. Calculate the remainder when h is divided by j(6).
45
Let s(o) = 51*o - 72. Calculate the remainder when 476 is divided by s(2).
26
Let a(d) = -d**2 - 3*d - 4. Let v be (4/5)/((-8)/20). Let u be a(v). What is the remainder when (u/(-3))/(10/465) is divided by 16?
15
Suppose 0 = -c - 2*c + 108. Calculate the remainder when 102 is divided by c.
30
Let p(q) = -q**2 + q + 4. Let m be p(-3). Calculate the remainder when (212/(-8))/((28/m)/7) is divided by 14.
11
Let t = -15 - 19. Let p = 42 + t. What is the remainder when 47 is divided by p?
7
Let w = 151 - 78. Let x(y) = -40 - y + 37 + 5*y. Calculate the remainder when w is divided by x(7).
23
Let g(y) = 290*y**2 - 3*y - 1. What is the remainder when g(1) is divided by 32?
30
Suppose 328*r = 333*r - 815. Calculate the remainder when r is divided by 48.
19
Let r = 35 - -59. What is the remainder when r is divided by 1?
0
Suppose -2*x + 5*w = -29, 4*x - 2*w = 83 - 17. Suppose -5*p - 10 = 0, -2*s + 5*p = 16 + 2. What is the remainder when (-704)/s + 4